21 a prime number?
False
Is 64811497 prime?
False
Is 344124839 composite?
False
Is 8381221 a composite number?
True
Is 788726319 a composite number?
True
Is 14663254 a composite number?
True
Is 1032341 prime?
True
Is 28523087 composite?
True
Is 86874497 composite?
False
Is 284162251 a composite number?
True
Is 121247003 composite?
False
Is 4883651 a composite number?
False
Is 23055598 a composite number?
True
Is 19078511 composite?
False
Is 76162213 composite?
False
Is 226782557 composite?
False
Is 1280101 a prime number?
True
Is 2066387 composite?
True
Is 514148515 a prime number?
False
Is 123840733 composite?
True
Is 134581 composite?
False
Is 30004027 prime?
True
Is 240877927 prime?
True
Is 54146999 prime?
True
Is 157654883 a prime number?
True
Is 3445007 prime?
False
Is 2494709 a composite number?
True
Is 90315961 a composite number?
True
Is 8777363 composite?
True
Is 8863467 prime?
False
Is 34919803 a composite number?
True
Is 15810961 a prime number?
False
Is 2424113 composite?
False
Is 7519373 a composite number?
True
Is 230947327 a composite number?
True
Is 14758217 prime?
False
Is 46646359 composite?
False
Is 2141429 a composite number?
True
Is 5766401 a composite number?
True
Is 55067717 a composite number?
False
Is 15945179 a prime number?
True
Is 3053681 a prime number?
False
Is 63661387 composite?
False
Is 9457159 composite?
True
Is 45648763 prime?
True
Is 212131 a prime number?
True
Is 63573451 a composite number?
True
Is 939971 composite?
False
Is 103251463 a prime number?
False
Is 204086 a prime number?
False
Is 117792107 a prime number?
True
Is 75578549 composite?
True
Is 22451554 prime?
False
Is 1113145283 a prime number?
False
Is 290203 a prime number?
False
Is 12072763 prime?
True
Is 2609051 a composite number?
True
Is 5845727 a composite number?
True
Is 30850709 a composite number?
True
Is 317990069 composite?
False
Is 17114569 a prime number?
True
Is 2572859 composite?
False
Is 4039949 a composite number?
False
Is 2409347 a prime number?
True
Is 58844533 composite?
True
Is 82921219 prime?
True
Is 7922641 prime?
False
Is 82731169 a prime number?
True
Is 791047 a prime number?
True
Is 157127 prime?
True
Is 11004335 a composite number?
True
Is 27301273 composite?
True
Is 14526601 prime?
False
Is 13977989 a composite number?
False
Is 5111693 composite?
False
Is 7190801 a prime number?
True
Is 42235447 composite?
True
Is 2115013 composite?
False
Is 64117303 composite?
True
Is 190455553 prime?
False
Is 11744741 a prime number?
False
Is 16919503 a composite number?
False
Is 1951102 prime?
False
Is 18561971 a prime number?
False
Is 7257617 a prime number?
False
Is 10975259 composite?
True
Is 1060277 a composite number?
True
Is 10115893 composite?
False
Is 7144297 a prime number?
False
Is 927371 prime?
False
Is 664907 a composite number?
True
Is 90252419 composite?
True
Is 302507 composite?
False
Is 2588918 a prime number?
False
Is 32176723 prime?
True
Is 97201 composite?
True
Is 263485 composite?
True
Is 737739685 a composite number?
True
Is 148132613 a composite number?
True
Is 52147441 prime?
False
Is 778177 a prime number?
False
Is 22792807 composite?
False
Is 3064357 a composite number?
True
Is 94032791 a prime number?
True
Is 145364017 a composite number?
False
Is 3786191 a prime number?
False
Is 4477493 prime?
False
Is 3397067 prime?
False
Is 21273731 a composite number?
True
Is 4493074 composite?
True
Is 14397979 composite?
False
Is 136709581 prime?
True
Is 130396111 composite?
True
Is 2996237 composite?
False
Is 103307 a prime number?
True
Is 389723 composite?
False
Is 1226537 a prime number?
False
Is 242952217 a prime number?
False
Is 5926519 a composite number?
False
Is 17503949 composite?
False
Is 846207295 prime?
False
Is 288170923 composite?
True
Is 155393027 composite?
True
Is 3325117 prime?
False
Is 32380553 prime?
False
Is 31899019 a prime number?
True
Is 84041213 a composite number?
False
Is 113167463 composite?
False
Is 68120023 a composite number?
True
Is 439270267 a composite number?
True
Is 15595439 prime?
True
Is 66532159 prime?
True
Is 41672245 a prime number?
False
Is 34528621 a composite number?
False
Is 1110097 composite?
True
Is 3126961 prime?
True
Is 135403573 a prime number?
True
Is 287635 a prime number?
False
Is 86265133 a composite number?
False
Is 8801951 a prime number?
True
Is 436997315 a prime number?
False
Is 18233651 composite?
True
Is 9741959 a composite number?
True
Is 918649 composite?
True
Is 223093217 composite?
False
Is 184449 a composite number?
True
Is 707734 prime?
False
Is 336631 composite?
False
Is 7357299 a prime number?
False
Is 237979993 a composite number?
False
Is 126695159 a composite number?
False
Is 3040649 a composite number?
False
Is 73496697 prime?
False
Is 472247 a composite number?
False
Is 99487 composite?
False
Is 53568233 a prime number?
False
Is 24791947 a composite number?
False
Is 12791179 composite?
True
Is 348547037 a prime number?
False
Is 6459995 prime?
False
Is 186980669 prime?
True
Is 2868323 a composite number?
False
Is 943253 prime?
False
Is 405399889 a composite number?
True
Is 4686623 a composite number?
False
Is 10245173 a prime number?
False
Is 645165229 prime?
True
Is 4341819 prime?
False
Is 56860207 composite?
True
Is 62256263 a prime number?
True
Is 570437671 a prime number?
True
Is 61318651 a composite number?
True
Is 28532057 prime?
True
Is 51073871 a composite number?
True
Is 6905263 composite?
False
Is 168379265 composite?
True
Is 2123596501 a composite number?
True
Is 19080241 prime?
False
Is 47186903 a prime number?
True
Is 2933611 composite?
True
Is 232373 prime?
False
Is 43715627 a composite number?
False
Is 12452081 a prime number?
True
Is 67278647 a composite number?
False
Is 587731 composite?
False
Is 102684445 a prime number?
False
Is 74761529 prime?
False
Is 18626163 composite?
True
Is 11764099 prime?
True
Is 23500681 a prime number?
False
Is 14670295 a composite number?
True
Is 2558161 a prime number?
False
Is 384461423 composite?
True
Is 508519 composite?
True
Is 110667418 composite?
True
Is 3469313 prime?
True
Is 26132983 prime?
False
Is 1394083 composite?
False
Is 57472457 prime?
False
Is 90565595 prime?
False
Is 15235351 a composite number?
False
Is 128560703 a composite number?
True
Is 1250771 prime?
True
Is 98645423 a prime number?
False
Is 2804693 composite?
False
Is 13136639 composite?
False
Is 2995997 prime?
True
Is 14072783 a composite number?
True
Is 59727637 composite?
False
Is 856567 prime?
True
Is 6199903 a prime number?
False
Is 29678533 prime?
False
Is 5730491 composite?
True
Is 93448367 a composite number?
False
Is 36907114 composite?
True
Is 1772447 a composite number?
True
Is 35590679 prime?
True
Is 9051481 a composite number?
False
Is 652661601 a prime number?
False
Is 149557309 prime?
False
Is 125454299 a composite number?
False
Is 7752743 prime?
True
Is 4019567 a composite number?
False
Is 129263723 a prime number?
True
Is 23991623 composite?
True
Is 1453909 a composite number?
False
Is 37118743 prime?
True
Is 2099167 prime?
False
Is 38323459 prime?
False
Is 56953297 a composite number?
False
Is 120503 composite?
False
Is 2995051 composite?
False
Is 109760395 a prime number?
False
Is 9460333 a prime number?
False
Is 12418943 prime?
False
Is 1997407 a prime number?
True
Is 1231759 composite?
True
Is 110175407 prime?
True
Is 148882303 a composite number?
False
Is 55881491 prime?
True
Is 115718333 a prime number?
True
Is 11896397 a prime number?
False
Is 6239789 a composite number?
False
Is 35946229 a prime number?
False
Is 26939389 a composite number?
False
Is 6289021 composite?
False
Is 12505879 composite?
False
Is 76776451 composite?
False
Is 382729954 composite?
True
Is 33672899 prime?
False
Is 920169037 a composite number?
False
Is 3573107 a composite number?
False
Is 60160199 a composite number?
True
Is 3553283 a prime number?
False
Is 1980871 a composite number?
True
Is 6103709 prime?
False
Is 414415 prime?
False
Is 73122019 a composite number?
True
Is 46209161 composite?
False
Is 33726529 a prime number?
True
Is 45366359 a composite number?
False
Is 17160159 prime?
False
Is 56465809 a composite number?
True
Is 1401419 a composite number?
True
Is 234540379 a prime number?
False
Is 218330759 composite?
Fa